{"id":109,"date":"2016-06-24T20:54:15","date_gmt":"2016-06-24T20:54:15","guid":{"rendered":"http:\/\/jansa-architekten.de\/?page_id=109"},"modified":"2024-09-30T07:42:46","modified_gmt":"2024-09-30T07:42:46","slug":"ueber-uns","status":"publish","type":"page","link":"https:\/\/jansa-architekten.de\/?page_id=109","title":{"rendered":"\u00dcber uns"},"content":{"rendered":"<article class=\"personal-profile col-6\"><div class=\"image\" style=\"background-image: url(http:\/\/jansa-visualisierung.de\/wp-content\/uploads\/2016\/06\/portrait.jpg)\"><div class=\"icons\"><a href=\"mailto:thomas.jansa@jansa-architekten.de\" class=\"fa fa-envelope-o\"><\/a><\/div><\/div><div class=\"inner\"><header><h3 class=\"author fn\">Dipl.-Ing. Architekt Thomas Jansa<\/h3><h4>Gesch\u00e4ftsf\u00fchrung<\/h4><\/header><p><\/p>\n<p><\/p><\/div><\/article>\n<p>&nbsp;<\/p>\n<p style=\"text-align: justify;\">Das Leistungsspektrum umfasst die Objektplanung und Ausf\u00fchrung in den Bereichen Neubau und Sanierung mit Schwerpunkten im \u00f6kologischen Holzbau und der energetischen Geb\u00e4udesanierung. Wir bauen f\u00fcr private, gewerbliche und \u00f6ffentliche Auftraggeber. Die Einbeziehung \u00f6kologischer und energetischer Gesichtspunkte in den Planungsprozess, die Gestaltung von menschlichen Lebensr\u00e4umen im Einklang mit der Natur, Nutzung nachwachsender Rohstoffe, Kreislaufbildung und harmonische Wechselbeziehungen zur Umgebung, Vielfalt, Vernetzung und Nachhaltigkeit sind Grundlagen unserer B\u00fcrophilosophie. Unsere Bauten und Projekte zeigen neue Ans\u00e4tze des modernen Bauens. Das Ziel ist die Schaffung von individuellen Geb\u00e4uden mit hohem Nutzwert unter Ber\u00fccksichtigung der \u00f6rtlichen Topographie und des st\u00e4dtebaulichen Kontext. Eine vertrauensvolle und konstruktive Zusammenarbeit mit unseren Auftraggebern und allen am Planungsprozess und am Bau beteiligten Personen, Firmen und Institutionen ist uns dabei sehr wichtig.<\/p>\n<p style=\"text-align: justify;\">&nbsp;<\/p>\n","protected":false},"excerpt":{"rendered":"<p>&nbsp; Das Leistungsspektrum umfasst die Objektplanung und Ausf\u00fchrung in den Bereichen Neubau und Sanierung mit Schwerpunkten im \u00f6kologischen Holzbau und der energetischen Geb\u00e4udesanierung. Wir bauen f\u00fcr private, gewerbliche und \u00f6ffentliche Auftraggeber. Die Einbeziehung \u00f6kologischer und energetischer Gesichtspunkte in den Planungsprozess, die Gestaltung von menschlichen Lebensr\u00e4umen im Einklang mit der Natur, Nutzung nachwachsender Rohstoffe, Kreislaufbildung und [&hellip;]<\/p>\n","protected":false},"author":1,"featured_media":0,"parent":0,"menu_order":0,"comment_status":"closed","ping_status":"closed","template":"template-team.php","meta":[],"_links":{"self":[{"href":"https:\/\/jansa-architekten.de\/index.php?rest_route=\/wp\/v2\/pages\/109"}],"collection":[{"href":"https:\/\/jansa-architekten.de\/index.php?rest_route=\/wp\/v2\/pages"}],"about":[{"href":"https:\/\/jansa-architekten.de\/index.php?rest_route=\/wp\/v2\/types\/page"}],"author":[{"embeddable":true,"href":"https:\/\/jansa-architekten.de\/index.php?rest_route=\/wp\/v2\/users\/1"}],"replies":[{"embeddable":true,"href":"https:\/\/jansa-architekten.de\/index.php?rest_route=%2Fwp%2Fv2%2Fcomments&post=109"}],"version-history":[{"count":12,"href":"https:\/\/jansa-architekten.de\/index.php?rest_route=\/wp\/v2\/pages\/109\/revisions"}],"predecessor-version":[{"id":281,"href":"https:\/\/jansa-architekten.de\/index.php?rest_route=\/wp\/v2\/pages\/109\/revisions\/281"}],"wp:attachment":[{"href":"https:\/\/jansa-architekten.de\/index.php?rest_route=%2Fwp%2Fv2%2Fmedia&parent=109"}],"curies":[{"name":"wp","href":"https:\/\/api.w.org\/{rel}","templated":true}]}}